{"id":791,"date":"2025-06-04T04:06:50","date_gmt":"2025-06-04T04:06:50","guid":{"rendered":"https:\/\/herocamper.ro\/?post_type=gear-ad-ons&#038;p=791"},"modified":"2025-06-05T10:21:26","modified_gmt":"2025-06-05T10:21:26","slug":"bucatarie-cort-negru","status":"publish","type":"gear-ad-ons","link":"https:\/\/herocamper.ro\/hu\/gear-ad-ons\/bucatarie-cort-negru\/","title":{"rendered":"Kitchen Tent Black"},"content":{"rendered":"<p>Cortul de buc\u0103t\u0103rie HeroCamper, ofer\u0103 o solu\u021bie practic\u0103 \u0219i rezistent\u0103 la intemperii pentru a g\u0103ti \u00een aer liber. Conceput pentru a v\u0103 completa configura\u021bia HeroCamper, acest cort durabil ofer\u0103 o zon\u0103 de buc\u0103t\u0103rie ad\u0103postit\u0103 \u0219i func\u021bional\u0103, permi\u021b\u00e2ndu-v\u0103 s\u0103 preg\u0103ti\u021bi mesele \u00een confort protejat de v\u00e2nt \u0219i ploaie, indiferent de vreme.<\/p>\n\n\n\n<p>Construc\u021bia sa robust\u0103 garanteaz\u0103 stabilitate, iar configurarea este rapid\u0103 \u0219i u\u0219oar\u0103, f\u0103c\u00e2ndu-l ideal at\u00e2t pentru evadarile de weekend, c\u00e2t \u0219i pentru aventurile mai lungi.<\/p>\n\n\n\n<p>Indiferent dac\u0103 prepara\u021bi cafea \u00eentr-o diminea\u021b\u0103 cu cea\u021b\u0103 sau g\u0103ti\u021bi cina dup\u0103 o zi de explorare, cortul de buc\u0103t\u0103rie HeroCamper transform\u0103 g\u0103titul \u00een aer liber \u00eentr-o experien\u021b\u0103 confortabil\u0103 \u0219i pl\u0103cut\u0103.<\/p>\n\n\n\n<p>Acest set include fuste Draft pentru cortul de buc\u0103t\u0103rie.<\/p>","protected":false},"featured_media":872,"parent":0,"template":"","meta":{"_acf_changed":false,"inline_featured_image":false},"categories":[],"tags":[],"class_list":["post-791","gear-ad-ons","type-gear-ad-ons","status-publish","has-post-thumbnail","hentry"],"acf":[],"yoast_head":"<!-- This site is optimized with the Yoast SEO plugin v27.5 - https:\/\/yoast.com\/product\/yoast-seo-wordpress\/ -->\n<title>Cort Bucatarie Negru | Corturi \u0219i ad\u0103posturi | HeroCamper<\/title>\n<meta name=\"description\" content=\"Cort de buc\u0103t\u0103rie Negru \u2013 Cortul de buc\u0103t\u0103rie HeroCamper, ofer\u0103 o solu\u021bie practic\u0103 \u0219i rezistent\u0103 la intemperii pentru a g\u0103ti \u00een aer liber. Proiectat pentru a v\u0103 completa HeroCamper...\" \/>\n<meta name=\"robots\" content=\"noindex, follow\" \/>\n<meta property=\"og:locale\" content=\"hu_HU\" \/>\n<meta property=\"og:type\" content=\"article\" \/>\n<meta property=\"og:title\" content=\"Cort Bucatarie Negru | Corturi \u0219i ad\u0103posturi | HeroCamper\" \/>\n<meta property=\"og:description\" content=\"Cort de buc\u0103t\u0103rie Negru \u2013 Cortul de buc\u0103t\u0103rie HeroCamper, ofer\u0103 o solu\u021bie practic\u0103 \u0219i rezistent\u0103 la intemperii pentru a g\u0103ti \u00een aer liber. Proiectat pentru a v\u0103 completa HeroCamper...\" \/>\n<meta property=\"og:url\" content=\"https:\/\/herocamper.ro\/hu\/gear-ad-ons\/bucatarie-cort-negru\/\" \/>\n<meta property=\"og:site_name\" content=\"Hero Camper Rom\u00e2nia\" \/>\n<meta property=\"article:publisher\" content=\"https:\/\/www.facebook.com\/share\/19vh533LfP\/?mibextid=wwXIfr\" \/>\n<meta property=\"article:modified_time\" content=\"2025-06-05T10:21:26+00:00\" \/>\n<meta property=\"og:image\" content=\"https:\/\/herocamper.ro\/wp-content\/uploads\/2025\/06\/KitchenTent.webp\" \/>\n\t<meta property=\"og:image:width\" content=\"800\" \/>\n\t<meta property=\"og:image:height\" content=\"800\" \/>\n\t<meta property=\"og:image:type\" content=\"image\/webp\" \/>\n<meta name=\"twitter:card\" content=\"summary_large_image\" \/>\n<meta name=\"twitter:label1\" content=\"Becs\u00fclt olvas\u00e1si id\u0151\" \/>\n\t<meta name=\"twitter:data1\" content=\"1 perc\" \/>\n<script type=\"application\/ld+json\" class=\"yoast-schema-graph\">{\"@context\":\"https:\\\/\\\/schema.org\",\"@graph\":[{\"@type\":\"WebPage\",\"@id\":\"https:\\\/\\\/herocamper.ro\\\/gear-ad-ons\\\/bucatarie-cort-negru\\\/\",\"url\":\"https:\\\/\\\/herocamper.ro\\\/gear-ad-ons\\\/bucatarie-cort-negru\\\/\",\"name\":\"Cort Bucatarie Negru | Corturi \u0219i ad\u0103posturi | HeroCamper\",\"isPartOf\":{\"@id\":\"https:\\\/\\\/herocamper.ro\\\/#website\"},\"primaryImageOfPage\":{\"@id\":\"https:\\\/\\\/herocamper.ro\\\/gear-ad-ons\\\/bucatarie-cort-negru\\\/#primaryimage\"},\"image\":{\"@id\":\"https:\\\/\\\/herocamper.ro\\\/gear-ad-ons\\\/bucatarie-cort-negru\\\/#primaryimage\"},\"thumbnailUrl\":\"https:\\\/\\\/herocamper.ro\\\/wp-content\\\/uploads\\\/2025\\\/06\\\/KitchenTent.webp\",\"datePublished\":\"2025-06-04T04:06:50+00:00\",\"dateModified\":\"2025-06-05T10:21:26+00:00\",\"description\":\"Cort de buc\u0103t\u0103rie Negru \u2013 Cortul de buc\u0103t\u0103rie HeroCamper, ofer\u0103 o solu\u021bie practic\u0103 \u0219i rezistent\u0103 la intemperii pentru a g\u0103ti \u00een aer liber. Proiectat pentru a v\u0103 completa HeroCamper...\",\"breadcrumb\":{\"@id\":\"https:\\\/\\\/herocamper.ro\\\/gear-ad-ons\\\/bucatarie-cort-negru\\\/#breadcrumb\"},\"inLanguage\":\"hu\",\"potentialAction\":[{\"@type\":\"ReadAction\",\"target\":[\"https:\\\/\\\/herocamper.ro\\\/gear-ad-ons\\\/bucatarie-cort-negru\\\/\"]}]},{\"@type\":\"ImageObject\",\"inLanguage\":\"hu\",\"@id\":\"https:\\\/\\\/herocamper.ro\\\/gear-ad-ons\\\/bucatarie-cort-negru\\\/#primaryimage\",\"url\":\"https:\\\/\\\/herocamper.ro\\\/wp-content\\\/uploads\\\/2025\\\/06\\\/KitchenTent.webp\",\"contentUrl\":\"https:\\\/\\\/herocamper.ro\\\/wp-content\\\/uploads\\\/2025\\\/06\\\/KitchenTent.webp\",\"width\":800,\"height\":800,\"caption\":\"Kitchen Tent Black \u2013 vedere detaliat\u0103 a produsului montat sau utilizat\"},{\"@type\":\"BreadcrumbList\",\"@id\":\"https:\\\/\\\/herocamper.ro\\\/gear-ad-ons\\\/bucatarie-cort-negru\\\/#breadcrumb\",\"itemListElement\":[{\"@type\":\"ListItem\",\"position\":1,\"name\":\"Home\",\"item\":\"https:\\\/\\\/herocamper.ro\\\/\"},{\"@type\":\"ListItem\",\"position\":2,\"name\":\"Kitchen Tent Black\"}]},{\"@type\":\"WebSite\",\"@id\":\"https:\\\/\\\/herocamper.ro\\\/#website\",\"url\":\"https:\\\/\\\/herocamper.ro\\\/\",\"name\":\"Hero Camper Rom\u00e2nia\",\"description\":\"Campeaz\u0103 ca un erou \u00een natura m\u0103rea\u021b\u0103 a Rom\u00e2niei\",\"publisher\":{\"@id\":\"https:\\\/\\\/herocamper.ro\\\/#organization\"},\"potentialAction\":[{\"@type\":\"SearchAction\",\"target\":{\"@type\":\"EntryPoint\",\"urlTemplate\":\"https:\\\/\\\/herocamper.ro\\\/?s={search_term_string}\"},\"query-input\":{\"@type\":\"PropertyValueSpecification\",\"valueRequired\":true,\"valueName\":\"search_term_string\"}}],\"inLanguage\":\"hu\"},{\"@type\":\"Organization\",\"@id\":\"https:\\\/\\\/herocamper.ro\\\/#organization\",\"name\":\"Hero Camper Rom\u00e2nia\",\"url\":\"https:\\\/\\\/herocamper.ro\\\/\",\"logo\":{\"@type\":\"ImageObject\",\"inLanguage\":\"hu\",\"@id\":\"https:\\\/\\\/herocamper.ro\\\/#\\\/schema\\\/logo\\\/image\\\/\",\"url\":\"https:\\\/\\\/herocamper.ro\\\/wp-content\\\/uploads\\\/2025\\\/05\\\/Hero-Camper-Icon.svg\",\"contentUrl\":\"https:\\\/\\\/herocamper.ro\\\/wp-content\\\/uploads\\\/2025\\\/05\\\/Hero-Camper-Icon.svg\",\"width\":100,\"height\":100,\"caption\":\"Hero Camper Rom\u00e2nia\"},\"image\":{\"@id\":\"https:\\\/\\\/herocamper.ro\\\/#\\\/schema\\\/logo\\\/image\\\/\"},\"sameAs\":[\"https:\\\/\\\/www.facebook.com\\\/share\\\/19vh533LfP\\\/?mibextid=wwXIfr\"]}]}<\/script>\n<!-- \/ Yoast SEO plugin. -->","yoast_head_json":{"title":"Cort Bucatarie Negru | Corturi \u0219i ad\u0103posturi | HeroCamper","description":"Cort de buc\u0103t\u0103rie Negru \u2013 Cortul de buc\u0103t\u0103rie HeroCamper, ofer\u0103 o solu\u021bie practic\u0103 \u0219i rezistent\u0103 la intemperii pentru a g\u0103ti \u00een aer liber. Proiectat pentru a v\u0103 completa HeroCamper...","robots":{"index":"noindex","follow":"follow"},"og_locale":"hu_HU","og_type":"article","og_title":"Cort Bucatarie Negru | Corturi \u0219i ad\u0103posturi | HeroCamper","og_description":"Cort de buc\u0103t\u0103rie Negru \u2013 Cortul de buc\u0103t\u0103rie HeroCamper, ofer\u0103 o solu\u021bie practic\u0103 \u0219i rezistent\u0103 la intemperii pentru a g\u0103ti \u00een aer liber. Proiectat pentru a v\u0103 completa HeroCamper...","og_url":"https:\/\/herocamper.ro\/hu\/gear-ad-ons\/bucatarie-cort-negru\/","og_site_name":"Hero Camper Rom\u00e2nia","article_publisher":"https:\/\/www.facebook.com\/share\/19vh533LfP\/?mibextid=wwXIfr","article_modified_time":"2025-06-05T10:21:26+00:00","og_image":[{"width":800,"height":800,"url":"https:\/\/herocamper.ro\/wp-content\/uploads\/2025\/06\/KitchenTent.webp","type":"image\/webp"}],"twitter_card":"summary_large_image","twitter_misc":{"Becs\u00fclt olvas\u00e1si id\u0151":"1 perc"},"schema":{"@context":"https:\/\/schema.org","@graph":[{"@type":"WebPage","@id":"https:\/\/herocamper.ro\/gear-ad-ons\/bucatarie-cort-negru\/","url":"https:\/\/herocamper.ro\/gear-ad-ons\/bucatarie-cort-negru\/","name":"Cort Bucatarie Negru | Corturi \u0219i ad\u0103posturi | HeroCamper","isPartOf":{"@id":"https:\/\/herocamper.ro\/#website"},"primaryImageOfPage":{"@id":"https:\/\/herocamper.ro\/gear-ad-ons\/bucatarie-cort-negru\/#primaryimage"},"image":{"@id":"https:\/\/herocamper.ro\/gear-ad-ons\/bucatarie-cort-negru\/#primaryimage"},"thumbnailUrl":"https:\/\/herocamper.ro\/wp-content\/uploads\/2025\/06\/KitchenTent.webp","datePublished":"2025-06-04T04:06:50+00:00","dateModified":"2025-06-05T10:21:26+00:00","description":"Cort de buc\u0103t\u0103rie Negru \u2013 Cortul de buc\u0103t\u0103rie HeroCamper, ofer\u0103 o solu\u021bie practic\u0103 \u0219i rezistent\u0103 la intemperii pentru a g\u0103ti \u00een aer liber. Proiectat pentru a v\u0103 completa HeroCamper...","breadcrumb":{"@id":"https:\/\/herocamper.ro\/gear-ad-ons\/bucatarie-cort-negru\/#breadcrumb"},"inLanguage":"hu","potentialAction":[{"@type":"ReadAction","target":["https:\/\/herocamper.ro\/gear-ad-ons\/bucatarie-cort-negru\/"]}]},{"@type":"ImageObject","inLanguage":"hu","@id":"https:\/\/herocamper.ro\/gear-ad-ons\/bucatarie-cort-negru\/#primaryimage","url":"https:\/\/herocamper.ro\/wp-content\/uploads\/2025\/06\/KitchenTent.webp","contentUrl":"https:\/\/herocamper.ro\/wp-content\/uploads\/2025\/06\/KitchenTent.webp","width":800,"height":800,"caption":"Kitchen Tent Black \u2013 vedere detaliat\u0103 a produsului montat sau utilizat"},{"@type":"BreadcrumbList","@id":"https:\/\/herocamper.ro\/gear-ad-ons\/bucatarie-cort-negru\/#breadcrumb","itemListElement":[{"@type":"ListItem","position":1,"name":"Home","item":"https:\/\/herocamper.ro\/"},{"@type":"ListItem","position":2,"name":"Kitchen Tent Black"}]},{"@type":"WebSite","@id":"https:\/\/herocamper.ro\/#website","url":"https:\/\/herocamper.ro\/","name":"Hero Camper Rom\u00e2nia","description":"Campeaz\u0103 ca un erou \u00een natura m\u0103rea\u021b\u0103 a Rom\u00e2niei","publisher":{"@id":"https:\/\/herocamper.ro\/#organization"},"potentialAction":[{"@type":"SearchAction","target":{"@type":"EntryPoint","urlTemplate":"https:\/\/herocamper.ro\/?s={search_term_string}"},"query-input":{"@type":"PropertyValueSpecification","valueRequired":true,"valueName":"search_term_string"}}],"inLanguage":"hu"},{"@type":"Organization","@id":"https:\/\/herocamper.ro\/#organization","name":"Hero Camper Rom\u00e2nia","url":"https:\/\/herocamper.ro\/","logo":{"@type":"ImageObject","inLanguage":"hu","@id":"https:\/\/herocamper.ro\/#\/schema\/logo\/image\/","url":"https:\/\/herocamper.ro\/wp-content\/uploads\/2025\/05\/Hero-Camper-Icon.svg","contentUrl":"https:\/\/herocamper.ro\/wp-content\/uploads\/2025\/05\/Hero-Camper-Icon.svg","width":100,"height":100,"caption":"Hero Camper Rom\u00e2nia"},"image":{"@id":"https:\/\/herocamper.ro\/#\/schema\/logo\/image\/"},"sameAs":["https:\/\/www.facebook.com\/share\/19vh533LfP\/?mibextid=wwXIfr"]}]}},"_links":{"self":[{"href":"https:\/\/herocamper.ro\/hu\/wp-json\/wp\/v2\/gear-ad-ons\/791","targetHints":{"allow":["GET"]}}],"collection":[{"href":"https:\/\/herocamper.ro\/hu\/wp-json\/wp\/v2\/gear-ad-ons"}],"about":[{"href":"https:\/\/herocamper.ro\/hu\/wp-json\/wp\/v2\/types\/gear-ad-ons"}],"version-history":[{"count":3,"href":"https:\/\/herocamper.ro\/hu\/wp-json\/wp\/v2\/gear-ad-ons\/791\/revisions"}],"predecessor-version":[{"id":1059,"href":"https:\/\/herocamper.ro\/hu\/wp-json\/wp\/v2\/gear-ad-ons\/791\/revisions\/1059"}],"wp:featuredmedia":[{"embeddable":true,"href":"https:\/\/herocamper.ro\/hu\/wp-json\/wp\/v2\/media\/872"}],"wp:attachment":[{"href":"https:\/\/herocamper.ro\/hu\/wp-json\/wp\/v2\/media?parent=791"}],"wp:term":[{"taxonomy":"category","embeddable":true,"href":"https:\/\/herocamper.ro\/hu\/wp-json\/wp\/v2\/categories?post=791"},{"taxonomy":"post_tag","embeddable":true,"href":"https:\/\/herocamper.ro\/hu\/wp-json\/wp\/v2\/tags?post=791"}],"curies":[{"name":"wp","href":"https:\/\/api.w.org\/{rel}","templated":true}]}}

<p>Cortul de bucătărie HeroCamper, oferă o soluție practică și rezistentă la intemperii pentru a găti în aer liber. Conceput pentru a vă completa configurația HeroCamper, acest cort durabil oferă o zonă de bucătărie adăpostită și funcțională, permițându-vă să pregătiți mesele în confort protejat de vânt și ploaie, indiferent de vreme.</p>



<p>Construcția sa robustă garantează stabilitate, iar configurarea este rapidă și ușoară, făcându-l ideal atât pentru evadarile de weekend, cât și pentru aventurile mai lungi.</p>



<p>Indiferent dacă preparați cafea într-o dimineață cu ceață sau gătiți cina după o zi de explorare, cortul de bucătărie HeroCamper transformă gătitul în aer liber într-o experiență confortabilă și plăcută.</p>



<p>Acest set include fuste Draft pentru cortul de bucătărie.</p>

<!-- This site is optimized with the Yoast SEO plugin v27.5 - https://yoast.com/product/yoast-seo-wordpress/ -->
<title>Cort Bucatarie Negru | Corturi și adăposturi | HeroCamper</title>
<meta name="description" content="Cort de bucătărie Negru – Cortul de bucătărie HeroCamper, oferă o soluție practică și rezistentă la intemperii pentru a găti în aer liber. Proiectat pentru a vă completa HeroCamper..." />
<meta name="robots" content="noindex, follow" />
<meta property="og:locale" content="hu_HU" />
<meta property="og:type" content="article" />
<meta property="og:title" content="Cort Bucatarie Negru | Corturi și adăposturi | HeroCamper" />
<meta property="og:description" content="Cort de bucătărie Negru – Cortul de bucătărie HeroCamper, oferă o soluție practică și rezistentă la intemperii pentru a găti în aer liber. Proiectat pentru a vă completa HeroCamper..." />
<meta property="og:url" content="https://herocamper.ro/hu/gear-ad-ons/bucatarie-cort-negru/" />
<meta property="og:site_name" content="Hero Camper România" />
<meta property="article:publisher" content="https://www.facebook.com/share/19vh533LfP/?mibextid=wwXIfr" />
<meta property="article:modified_time" content="2025-06-05T10:21:26+00:00" />
<meta property="og:image" content="https://herocamper.ro/wp-content/uploads/2025/06/KitchenTent.webp" />
	<meta property="og:image:width" content="800" />
	<meta property="og:image:height" content="800" />
	<meta property="og:image:type" content="image/webp" />
<meta name="twitter:card" content="summary_large_image" />
<meta name="twitter:label1" content="Becsült olvasási idő" />
	<meta name="twitter:data1" content="1 perc" />
<script type="application/ld+json" class="yoast-schema-graph">{"@context":"https:\/\/schema.org","@graph":[{"@type":"WebPage","@id":"https:\/\/herocamper.ro\/gear-ad-ons\/bucatarie-cort-negru\/","url":"https:\/\/herocamper.ro\/gear-ad-ons\/bucatarie-cort-negru\/","name":"Cort Bucatarie Negru | Corturi și adăposturi | HeroCamper","isPartOf":{"@id":"https:\/\/herocamper.ro\/#website"},"primaryImageOfPage":{"@id":"https:\/\/herocamper.ro\/gear-ad-ons\/bucatarie-cort-negru\/#primaryimage"},"image":{"@id":"https:\/\/herocamper.ro\/gear-ad-ons\/bucatarie-cort-negru\/#primaryimage"},"thumbnailUrl":"https:\/\/herocamper.ro\/wp-content\/uploads\/2025\/06\/KitchenTent.webp","datePublished":"2025-06-04T04:06:50+00:00","dateModified":"2025-06-05T10:21:26+00:00","description":"Cort de bucătărie Negru – Cortul de bucătărie HeroCamper, oferă o soluție practică și rezistentă la intemperii pentru a găti în aer liber. Proiectat pentru a vă completa HeroCamper...","breadcrumb":{"@id":"https:\/\/herocamper.ro\/gear-ad-ons\/bucatarie-cort-negru\/#breadcrumb"},"inLanguage":"hu","potentialAction":[{"@type":"ReadAction","target":["https:\/\/herocamper.ro\/gear-ad-ons\/bucatarie-cort-negru\/"]}]},{"@type":"ImageObject","inLanguage":"hu","@id":"https:\/\/herocamper.ro\/gear-ad-ons\/bucatarie-cort-negru\/#primaryimage","url":"https:\/\/herocamper.ro\/wp-content\/uploads\/2025\/06\/KitchenTent.webp","contentUrl":"https:\/\/herocamper.ro\/wp-content\/uploads\/2025\/06\/KitchenTent.webp","width":800,"height":800,"caption":"Kitchen Tent Black – vedere detaliată a produsului montat sau utilizat"},{"@type":"BreadcrumbList","@id":"https:\/\/herocamper.ro\/gear-ad-ons\/bucatarie-cort-negru\/#breadcrumb","itemListElement":[{"@type":"ListItem","position":1,"name":"Home","item":"https:\/\/herocamper.ro\/"},{"@type":"ListItem","position":2,"name":"Kitchen Tent Black"}]},{"@type":"WebSite","@id":"https:\/\/herocamper.ro\/#website","url":"https:\/\/herocamper.ro\/","name":"Hero Camper România","description":"Campează ca un erou în natura măreață a României","publisher":{"@id":"https:\/\/herocamper.ro\/#organization"},"potentialAction":[{"@type":"SearchAction","target":{"@type":"EntryPoint","urlTemplate":"https:\/\/herocamper.ro\/?s={search_term_string}"},"query-input":{"@type":"PropertyValueSpecification","valueRequired":true,"valueName":"search_term_string"}}],"inLanguage":"hu"},{"@type":"Organization","@id":"https:\/\/herocamper.ro\/#organization","name":"Hero Camper România","url":"https:\/\/herocamper.ro\/","logo":{"@type":"ImageObject","inLanguage":"hu","@id":"https:\/\/herocamper.ro\/#\/schema\/logo\/image\/","url":"https:\/\/herocamper.ro\/wp-content\/uploads\/2025\/05\/Hero-Camper-Icon.svg","contentUrl":"https:\/\/herocamper.ro\/wp-content\/uploads\/2025\/05\/Hero-Camper-Icon.svg","width":100,"height":100,"caption":"Hero Camper România"},"image":{"@id":"https:\/\/herocamper.ro\/#\/schema\/logo\/image\/"},"sameAs":["https:\/\/www.facebook.com\/share\/19vh533LfP\/?mibextid=wwXIfr"]}]}</script>
<!-- / Yoast SEO plugin. -->

Cort Bucatarie Negru | Corturi și adăposturi | HeroCamper

Cort de bucătărie Negru – Cortul de bucătărie HeroCamper, oferă o soluție practică și rezistentă la intemperii pentru a găti în aer liber. Proiectat pentru a vă completa HeroCamper...

Hero Camper România

Kitchen Tent Black – vedere detaliată a produsului montat sau utilizat

Campează ca un erou în natura măreață a României
