{"id":619,"date":"2025-06-04T04:06:50","date_gmt":"2025-06-04T04:06:50","guid":{"rendered":"https:\/\/herocamper.ro\/gear-ad-ons\/varful-xxl\/"},"modified":"2025-06-05T09:55:14","modified_gmt":"2025-06-05T09:55:14","slug":"peak-xxl","status":"publish","type":"gear-ad-ons","link":"https:\/\/herocamper.ro\/hu\/gear-ad-ons\/peak-xxl\/","title":{"rendered":"Peak XXL"},"content":{"rendered":"<p>Spatiu pentru 4 persoane<br>Spa\u021biu \u00eenc\u0103p\u0103tor pentru 2 adul\u021bi \u0219i 2 copii<br>Cortul de pe acoperi\u0219 are un luminator \u0219i ferestre pe laterale, ceea ce ofer\u0103 un flux bun de lumin\u0103 \u0219i o ventila\u021bie excelent\u0103. Cortul este realizat din poli-bumbac rezistent \u0219i respirabil<br>Scara telescopica detasabila din aluminiu: 230 cm max. lungime (poate fi \u00eenc\u0103rcat p\u00e2n\u0103 la 150 kg)<br>Suportul pentru Skybox nu este inclus \u0219i trebuie achizi\u021bionat separat<\/p>","protected":false},"featured_media":553,"parent":0,"template":"","meta":{"_acf_changed":false,"inline_featured_image":false},"categories":[],"tags":[],"class_list":["post-619","gear-ad-ons","type-gear-ad-ons","status-publish","has-post-thumbnail","hentry"],"acf":[],"yoast_head":"<!-- This site is optimized with the Yoast SEO plugin v27.5 - https:\/\/yoast.com\/product\/yoast-seo-wordpress\/ -->\n<title>Cort de plafon Peak XXL | Spa\u021biu pentru 4 persoane | Camping off-road<\/title>\n<meta name=\"description\" content=\"Peak XXL \u2013 Spa\u021biu pentru 4 persoane Spa\u021biu excelent pentru 2 adul\u021bi \u0219i 2 copii. Spa\u021biu pentru 4 persoane | Camping off-road\" \/>\n<meta name=\"robots\" content=\"noindex, follow\" \/>\n<meta property=\"og:locale\" content=\"hu_HU\" \/>\n<meta property=\"og:type\" content=\"article\" \/>\n<meta property=\"og:title\" content=\"Cort de plafon Peak XXL | Spa\u021biu pentru 4 persoane | Camping off-road\" \/>\n<meta property=\"og:description\" content=\"Peak XXL \u2013 Spa\u021biu pentru 4 persoane Spa\u021biu excelent pentru 2 adul\u021bi \u0219i 2 copii. Spa\u021biu pentru 4 persoane | Camping off-road\" \/>\n<meta property=\"og:url\" content=\"https:\/\/herocamper.ro\/hu\/gear-ad-ons\/peak-xxl\/\" \/>\n<meta property=\"og:site_name\" content=\"Hero Camper Rom\u00e2nia\" \/>\n<meta property=\"article:publisher\" content=\"https:\/\/www.facebook.com\/share\/19vh533LfP\/?mibextid=wwXIfr\" \/>\n<meta property=\"article:modified_time\" content=\"2025-06-05T09:55:14+00:00\" \/>\n<meta property=\"og:image\" content=\"https:\/\/herocamper.ro\/wp-content\/uploads\/2025\/06\/Peak-XXL-Moby-Mountain-tagtelt-1-2.webp\" \/>\n\t<meta property=\"og:image:width\" content=\"800\" \/>\n\t<meta property=\"og:image:height\" content=\"800\" \/>\n\t<meta property=\"og:image:type\" content=\"image\/webp\" \/>\n<meta name=\"twitter:card\" content=\"summary_large_image\" \/>\n<meta name=\"twitter:label1\" content=\"Becs\u00fclt olvas\u00e1si id\u0151\" \/>\n\t<meta name=\"twitter:data1\" content=\"1 perc\" \/>\n<script type=\"application\/ld+json\" class=\"yoast-schema-graph\">{\"@context\":\"https:\\\/\\\/schema.org\",\"@graph\":[{\"@type\":\"WebPage\",\"@id\":\"https:\\\/\\\/herocamper.ro\\\/gear-ad-ons\\\/peak-xxl\\\/\",\"url\":\"https:\\\/\\\/herocamper.ro\\\/gear-ad-ons\\\/peak-xxl\\\/\",\"name\":\"Cort de plafon Peak XXL | Spa\u021biu pentru 4 persoane | Camping off-road\",\"isPartOf\":{\"@id\":\"https:\\\/\\\/herocamper.ro\\\/#website\"},\"primaryImageOfPage\":{\"@id\":\"https:\\\/\\\/herocamper.ro\\\/gear-ad-ons\\\/peak-xxl\\\/#primaryimage\"},\"image\":{\"@id\":\"https:\\\/\\\/herocamper.ro\\\/gear-ad-ons\\\/peak-xxl\\\/#primaryimage\"},\"thumbnailUrl\":\"https:\\\/\\\/herocamper.ro\\\/wp-content\\\/uploads\\\/2025\\\/06\\\/Peak-XXL-Moby-Mountain-tagtelt-1-2.webp\",\"datePublished\":\"2025-06-04T04:06:50+00:00\",\"dateModified\":\"2025-06-05T09:55:14+00:00\",\"description\":\"Peak XXL \u2013 Spa\u021biu pentru 4 persoane Spa\u021biu excelent pentru 2 adul\u021bi \u0219i 2 copii. Spa\u021biu pentru 4 persoane | Camping off-road\",\"breadcrumb\":{\"@id\":\"https:\\\/\\\/herocamper.ro\\\/gear-ad-ons\\\/peak-xxl\\\/#breadcrumb\"},\"inLanguage\":\"hu\",\"potentialAction\":[{\"@type\":\"ReadAction\",\"target\":[\"https:\\\/\\\/herocamper.ro\\\/gear-ad-ons\\\/peak-xxl\\\/\"]}]},{\"@type\":\"ImageObject\",\"inLanguage\":\"hu\",\"@id\":\"https:\\\/\\\/herocamper.ro\\\/gear-ad-ons\\\/peak-xxl\\\/#primaryimage\",\"url\":\"https:\\\/\\\/herocamper.ro\\\/wp-content\\\/uploads\\\/2025\\\/06\\\/Peak-XXL-Moby-Mountain-tagtelt-1-2.webp\",\"contentUrl\":\"https:\\\/\\\/herocamper.ro\\\/wp-content\\\/uploads\\\/2025\\\/06\\\/Peak-XXL-Moby-Mountain-tagtelt-1-2.webp\",\"width\":800,\"height\":800,\"caption\":\"\u2022 Cort de plafon Peak XXL montat pe SUV \u00een natur\u0103 \u2022 Interior spa\u021bios al cortului de plafon Peak XXL pentru 4 persoane \ufffc\"},{\"@type\":\"BreadcrumbList\",\"@id\":\"https:\\\/\\\/herocamper.ro\\\/gear-ad-ons\\\/peak-xxl\\\/#breadcrumb\",\"itemListElement\":[{\"@type\":\"ListItem\",\"position\":1,\"name\":\"Home\",\"item\":\"https:\\\/\\\/herocamper.ro\\\/\"},{\"@type\":\"ListItem\",\"position\":2,\"name\":\"Peak XXL\"}]},{\"@type\":\"WebSite\",\"@id\":\"https:\\\/\\\/herocamper.ro\\\/#website\",\"url\":\"https:\\\/\\\/herocamper.ro\\\/\",\"name\":\"Hero Camper Rom\u00e2nia\",\"description\":\"Campeaz\u0103 ca un erou \u00een natura m\u0103rea\u021b\u0103 a Rom\u00e2niei\",\"publisher\":{\"@id\":\"https:\\\/\\\/herocamper.ro\\\/#organization\"},\"potentialAction\":[{\"@type\":\"SearchAction\",\"target\":{\"@type\":\"EntryPoint\",\"urlTemplate\":\"https:\\\/\\\/herocamper.ro\\\/?s={search_term_string}\"},\"query-input\":{\"@type\":\"PropertyValueSpecification\",\"valueRequired\":true,\"valueName\":\"search_term_string\"}}],\"inLanguage\":\"hu\"},{\"@type\":\"Organization\",\"@id\":\"https:\\\/\\\/herocamper.ro\\\/#organization\",\"name\":\"Hero Camper Rom\u00e2nia\",\"url\":\"https:\\\/\\\/herocamper.ro\\\/\",\"logo\":{\"@type\":\"ImageObject\",\"inLanguage\":\"hu\",\"@id\":\"https:\\\/\\\/herocamper.ro\\\/#\\\/schema\\\/logo\\\/image\\\/\",\"url\":\"https:\\\/\\\/herocamper.ro\\\/wp-content\\\/uploads\\\/2025\\\/05\\\/Hero-Camper-Icon.svg\",\"contentUrl\":\"https:\\\/\\\/herocamper.ro\\\/wp-content\\\/uploads\\\/2025\\\/05\\\/Hero-Camper-Icon.svg\",\"width\":100,\"height\":100,\"caption\":\"Hero Camper Rom\u00e2nia\"},\"image\":{\"@id\":\"https:\\\/\\\/herocamper.ro\\\/#\\\/schema\\\/logo\\\/image\\\/\"},\"sameAs\":[\"https:\\\/\\\/www.facebook.com\\\/share\\\/19vh533LfP\\\/?mibextid=wwXIfr\"]}]}<\/script>\n<!-- \/ Yoast SEO plugin. -->","yoast_head_json":{"title":"Cort de plafon Peak XXL | Spa\u021biu pentru 4 persoane | Camping off-road","description":"Peak XXL \u2013 Spa\u021biu pentru 4 persoane Spa\u021biu excelent pentru 2 adul\u021bi \u0219i 2 copii. Spa\u021biu pentru 4 persoane | Camping off-road","robots":{"index":"noindex","follow":"follow"},"og_locale":"hu_HU","og_type":"article","og_title":"Cort de plafon Peak XXL | Spa\u021biu pentru 4 persoane | Camping off-road","og_description":"Peak XXL \u2013 Spa\u021biu pentru 4 persoane Spa\u021biu excelent pentru 2 adul\u021bi \u0219i 2 copii. Spa\u021biu pentru 4 persoane | Camping off-road","og_url":"https:\/\/herocamper.ro\/hu\/gear-ad-ons\/peak-xxl\/","og_site_name":"Hero Camper Rom\u00e2nia","article_publisher":"https:\/\/www.facebook.com\/share\/19vh533LfP\/?mibextid=wwXIfr","article_modified_time":"2025-06-05T09:55:14+00:00","og_image":[{"width":800,"height":800,"url":"https:\/\/herocamper.ro\/wp-content\/uploads\/2025\/06\/Peak-XXL-Moby-Mountain-tagtelt-1-2.webp","type":"image\/webp"}],"twitter_card":"summary_large_image","twitter_misc":{"Becs\u00fclt olvas\u00e1si id\u0151":"1 perc"},"schema":{"@context":"https:\/\/schema.org","@graph":[{"@type":"WebPage","@id":"https:\/\/herocamper.ro\/gear-ad-ons\/peak-xxl\/","url":"https:\/\/herocamper.ro\/gear-ad-ons\/peak-xxl\/","name":"Cort de plafon Peak XXL | Spa\u021biu pentru 4 persoane | Camping off-road","isPartOf":{"@id":"https:\/\/herocamper.ro\/#website"},"primaryImageOfPage":{"@id":"https:\/\/herocamper.ro\/gear-ad-ons\/peak-xxl\/#primaryimage"},"image":{"@id":"https:\/\/herocamper.ro\/gear-ad-ons\/peak-xxl\/#primaryimage"},"thumbnailUrl":"https:\/\/herocamper.ro\/wp-content\/uploads\/2025\/06\/Peak-XXL-Moby-Mountain-tagtelt-1-2.webp","datePublished":"2025-06-04T04:06:50+00:00","dateModified":"2025-06-05T09:55:14+00:00","description":"Peak XXL \u2013 Spa\u021biu pentru 4 persoane Spa\u021biu excelent pentru 2 adul\u021bi \u0219i 2 copii. Spa\u021biu pentru 4 persoane | Camping off-road","breadcrumb":{"@id":"https:\/\/herocamper.ro\/gear-ad-ons\/peak-xxl\/#breadcrumb"},"inLanguage":"hu","potentialAction":[{"@type":"ReadAction","target":["https:\/\/herocamper.ro\/gear-ad-ons\/peak-xxl\/"]}]},{"@type":"ImageObject","inLanguage":"hu","@id":"https:\/\/herocamper.ro\/gear-ad-ons\/peak-xxl\/#primaryimage","url":"https:\/\/herocamper.ro\/wp-content\/uploads\/2025\/06\/Peak-XXL-Moby-Mountain-tagtelt-1-2.webp","contentUrl":"https:\/\/herocamper.ro\/wp-content\/uploads\/2025\/06\/Peak-XXL-Moby-Mountain-tagtelt-1-2.webp","width":800,"height":800,"caption":"\u2022 Cort de plafon Peak XXL montat pe SUV \u00een natur\u0103 \u2022 Interior spa\u021bios al cortului de plafon Peak XXL pentru 4 persoane \ufffc"},{"@type":"BreadcrumbList","@id":"https:\/\/herocamper.ro\/gear-ad-ons\/peak-xxl\/#breadcrumb","itemListElement":[{"@type":"ListItem","position":1,"name":"Home","item":"https:\/\/herocamper.ro\/"},{"@type":"ListItem","position":2,"name":"Peak XXL"}]},{"@type":"WebSite","@id":"https:\/\/herocamper.ro\/#website","url":"https:\/\/herocamper.ro\/","name":"Hero Camper Rom\u00e2nia","description":"Campeaz\u0103 ca un erou \u00een natura m\u0103rea\u021b\u0103 a Rom\u00e2niei","publisher":{"@id":"https:\/\/herocamper.ro\/#organization"},"potentialAction":[{"@type":"SearchAction","target":{"@type":"EntryPoint","urlTemplate":"https:\/\/herocamper.ro\/?s={search_term_string}"},"query-input":{"@type":"PropertyValueSpecification","valueRequired":true,"valueName":"search_term_string"}}],"inLanguage":"hu"},{"@type":"Organization","@id":"https:\/\/herocamper.ro\/#organization","name":"Hero Camper Rom\u00e2nia","url":"https:\/\/herocamper.ro\/","logo":{"@type":"ImageObject","inLanguage":"hu","@id":"https:\/\/herocamper.ro\/#\/schema\/logo\/image\/","url":"https:\/\/herocamper.ro\/wp-content\/uploads\/2025\/05\/Hero-Camper-Icon.svg","contentUrl":"https:\/\/herocamper.ro\/wp-content\/uploads\/2025\/05\/Hero-Camper-Icon.svg","width":100,"height":100,"caption":"Hero Camper Rom\u00e2nia"},"image":{"@id":"https:\/\/herocamper.ro\/#\/schema\/logo\/image\/"},"sameAs":["https:\/\/www.facebook.com\/share\/19vh533LfP\/?mibextid=wwXIfr"]}]}},"_links":{"self":[{"href":"https:\/\/herocamper.ro\/hu\/wp-json\/wp\/v2\/gear-ad-ons\/619","targetHints":{"allow":["GET"]}}],"collection":[{"href":"https:\/\/herocamper.ro\/hu\/wp-json\/wp\/v2\/gear-ad-ons"}],"about":[{"href":"https:\/\/herocamper.ro\/hu\/wp-json\/wp\/v2\/types\/gear-ad-ons"}],"version-history":[{"count":7,"href":"https:\/\/herocamper.ro\/hu\/wp-json\/wp\/v2\/gear-ad-ons\/619\/revisions"}],"predecessor-version":[{"id":1023,"href":"https:\/\/herocamper.ro\/hu\/wp-json\/wp\/v2\/gear-ad-ons\/619\/revisions\/1023"}],"wp:featuredmedia":[{"embeddable":true,"href":"https:\/\/herocamper.ro\/hu\/wp-json\/wp\/v2\/media\/553"}],"wp:attachment":[{"href":"https:\/\/herocamper.ro\/hu\/wp-json\/wp\/v2\/media?parent=619"}],"wp:term":[{"taxonomy":"category","embeddable":true,"href":"https:\/\/herocamper.ro\/hu\/wp-json\/wp\/v2\/categories?post=619"},{"taxonomy":"post_tag","embeddable":true,"href":"https:\/\/herocamper.ro\/hu\/wp-json\/wp\/v2\/tags?post=619"}],"curies":[{"name":"wp","href":"https:\/\/api.w.org\/{rel}","templated":true}]}}

<p>Spatiu pentru 4 persoane<br>Spațiu încăpător pentru 2 adulți și 2 copii<br>Cortul de pe acoperiș are un luminator și ferestre pe laterale, ceea ce oferă un flux bun de lumină și o ventilație excelentă. Cortul este realizat din poli-bumbac rezistent și respirabil<br>Scara telescopica detasabila din aluminiu: 230 cm max. lungime (poate fi încărcat până la 150 kg)<br>Suportul pentru Skybox nu este inclus și trebuie achiziționat separat</p>

<!-- This site is optimized with the Yoast SEO plugin v27.5 - https://yoast.com/product/yoast-seo-wordpress/ -->
<title>Cort de plafon Peak XXL | Spațiu pentru 4 persoane | Camping off-road</title>
<meta name="description" content="Peak XXL – Spațiu pentru 4 persoane Spațiu excelent pentru 2 adulți și 2 copii. Spațiu pentru 4 persoane | Camping off-road" />
<meta name="robots" content="noindex, follow" />
<meta property="og:locale" content="hu_HU" />
<meta property="og:type" content="article" />
<meta property="og:title" content="Cort de plafon Peak XXL | Spațiu pentru 4 persoane | Camping off-road" />
<meta property="og:description" content="Peak XXL – Spațiu pentru 4 persoane Spațiu excelent pentru 2 adulți și 2 copii. Spațiu pentru 4 persoane | Camping off-road" />
<meta property="og:url" content="https://herocamper.ro/hu/gear-ad-ons/peak-xxl/" />
<meta property="og:site_name" content="Hero Camper România" />
<meta property="article:publisher" content="https://www.facebook.com/share/19vh533LfP/?mibextid=wwXIfr" />
<meta property="article:modified_time" content="2025-06-05T09:55:14+00:00" />
<meta property="og:image" content="https://herocamper.ro/wp-content/uploads/2025/06/Peak-XXL-Moby-Mountain-tagtelt-1-2.webp" />
	<meta property="og:image:width" content="800" />
	<meta property="og:image:height" content="800" />
	<meta property="og:image:type" content="image/webp" />
<meta name="twitter:card" content="summary_large_image" />
<meta name="twitter:label1" content="Becsült olvasási idő" />
	<meta name="twitter:data1" content="1 perc" />
<script type="application/ld+json" class="yoast-schema-graph">{"@context":"https:\/\/schema.org","@graph":[{"@type":"WebPage","@id":"https:\/\/herocamper.ro\/gear-ad-ons\/peak-xxl\/","url":"https:\/\/herocamper.ro\/gear-ad-ons\/peak-xxl\/","name":"Cort de plafon Peak XXL | Spațiu pentru 4 persoane | Camping off-road","isPartOf":{"@id":"https:\/\/herocamper.ro\/#website"},"primaryImageOfPage":{"@id":"https:\/\/herocamper.ro\/gear-ad-ons\/peak-xxl\/#primaryimage"},"image":{"@id":"https:\/\/herocamper.ro\/gear-ad-ons\/peak-xxl\/#primaryimage"},"thumbnailUrl":"https:\/\/herocamper.ro\/wp-content\/uploads\/2025\/06\/Peak-XXL-Moby-Mountain-tagtelt-1-2.webp","datePublished":"2025-06-04T04:06:50+00:00","dateModified":"2025-06-05T09:55:14+00:00","description":"Peak XXL – Spațiu pentru 4 persoane Spațiu excelent pentru 2 adulți și 2 copii. Spațiu pentru 4 persoane | Camping off-road","breadcrumb":{"@id":"https:\/\/herocamper.ro\/gear-ad-ons\/peak-xxl\/#breadcrumb"},"inLanguage":"hu","potentialAction":[{"@type":"ReadAction","target":["https:\/\/herocamper.ro\/gear-ad-ons\/peak-xxl\/"]}]},{"@type":"ImageObject","inLanguage":"hu","@id":"https:\/\/herocamper.ro\/gear-ad-ons\/peak-xxl\/#primaryimage","url":"https:\/\/herocamper.ro\/wp-content\/uploads\/2025\/06\/Peak-XXL-Moby-Mountain-tagtelt-1-2.webp","contentUrl":"https:\/\/herocamper.ro\/wp-content\/uploads\/2025\/06\/Peak-XXL-Moby-Mountain-tagtelt-1-2.webp","width":800,"height":800,"caption":"• Cort de plafon Peak XXL montat pe SUV în natură • Interior spațios al cortului de plafon Peak XXL pentru 4 persoane ￼"},{"@type":"BreadcrumbList","@id":"https:\/\/herocamper.ro\/gear-ad-ons\/peak-xxl\/#breadcrumb","itemListElement":[{"@type":"ListItem","position":1,"name":"Home","item":"https:\/\/herocamper.ro\/"},{"@type":"ListItem","position":2,"name":"Peak XXL"}]},{"@type":"WebSite","@id":"https:\/\/herocamper.ro\/#website","url":"https:\/\/herocamper.ro\/","name":"Hero Camper România","description":"Campează ca un erou în natura măreață a României","publisher":{"@id":"https:\/\/herocamper.ro\/#organization"},"potentialAction":[{"@type":"SearchAction","target":{"@type":"EntryPoint","urlTemplate":"https:\/\/herocamper.ro\/?s={search_term_string}"},"query-input":{"@type":"PropertyValueSpecification","valueRequired":true,"valueName":"search_term_string"}}],"inLanguage":"hu"},{"@type":"Organization","@id":"https:\/\/herocamper.ro\/#organization","name":"Hero Camper România","url":"https:\/\/herocamper.ro\/","logo":{"@type":"ImageObject","inLanguage":"hu","@id":"https:\/\/herocamper.ro\/#\/schema\/logo\/image\/","url":"https:\/\/herocamper.ro\/wp-content\/uploads\/2025\/05\/Hero-Camper-Icon.svg","contentUrl":"https:\/\/herocamper.ro\/wp-content\/uploads\/2025\/05\/Hero-Camper-Icon.svg","width":100,"height":100,"caption":"Hero Camper România"},"image":{"@id":"https:\/\/herocamper.ro\/#\/schema\/logo\/image\/"},"sameAs":["https:\/\/www.facebook.com\/share\/19vh533LfP\/?mibextid=wwXIfr"]}]}</script>
<!-- / Yoast SEO plugin. -->

Cort de plafon Peak XXL | Spațiu pentru 4 persoane | Camping off-road

Peak XXL – Spațiu pentru 4 persoane Spațiu excelent pentru 2 adulți și 2 copii. Spațiu pentru 4 persoane | Camping off-road

Hero Camper România

• Cort de plafon Peak XXL montat pe SUV în natură • Interior spațios al cortului de plafon Peak XXL pentru 4 persoane ￼

Campează ca un erou în natura măreață a României
